is the tens digit of i?
8
Let s(z) = 133*z - 30. Let u be s(2). Let g = u + 763. What is the tens digit of g?
9
Let r = 126 + -125. What is the tens digit of r*6*(-1 + (-9)/(-2))?
2
Let f(t) = -t**3 - 2*t**2 - 7*t - 42. Suppose -4*s = -3*z - 25, -3*z + 2*z - 12 = -5*s. What is the tens digit of f(z)?
5
Let j(l) = -l**2 - 15*l - 36. Let o be j(-12). Suppose 3*x = 3*t - 851 - 2152, -t - 4*x + 1026 = o. What is the hundreds digit of t?
0
What is the units digit of ((-24)/80 + 9324/(-8))*1*-5?
9
Let k(u) be the second derivative of u**4/6 - u**3/6 - 4*u**2 + 29*u. Let a be k(5). What is the tens digit of (-2*a*1)/(2 + -4)?
3
Suppose 5*y + 4*b - 22 = 2*b, -4*y = -3*b - 13. Suppose 16 = 2*r + 3*l, -y*l - 8 + 22 = -r. What is the tens digit of r*-1 - (-5 + -11)?
1
Let l = -12600 - -13639. What is the hundreds digit of l?
0
Suppose -2*f = -4*y + 3*y + 22, 4*y - 4*f = 84. Suppose -77*u + 27*u = -37500. Suppose -15*m = -y*m + u. What is the hundreds digit of m?
1
Suppose 0 = 4*d - 2*b - 8914 - 48474, -3*d = -2*b - 43042. What is the hundreds digit of d?
3
What is the ten thousands digit of 11882 + 2 + (7 - (4 + (-88)/(-11)))?
1
Suppose 4*p - 11997 = l, 8645 = 3*p + 4*l - 348. What is the units digit of p?
9
Let m = -2254 - -25114. What is the hundreds digit of m?
8
Suppose 1102 = -8*k + 6*k. Let b = 646 - k. What is the thousands digit of b?
1
Let b = -480 + 522. Suppose -b = -10*m + 468. What is the units digit of m?
1
Let a = 138978 - 73864. What is the thousands digit of a?
5
Let r = 419 + -302. Suppose 11*x - 499 = 10*x. Suppose 2*w - t - 214 = r, -3*w - t = -x. What is the tens digit of w?
6
Let r(l) = -2918*l - 5077. What is the hundreds digit of r(-9)?
1
Let p be (656 - 7)*(-15)/(-3). Suppose 0 = -4*f + 3*l + p, -f + 7*l + 809 = 4*l. What is the hundreds digit of f?
8
Suppose 5*g + 45 = 0, 5*g = -798*y + 801*y - 186606. What is the ten thousands digit of y?
6
Let w(t) = -t**2 + 5*t + 3. Let v be w(5). Suppose v*h = -4*h + 3206. What is the hundreds digit of h?
4
Let h(w) = w**2 + 15*w - 16. Let b be h(-16). Suppose 4*z = 2*s - 700, z - 4 = -b*z. What is the tens digit of s?
5
Let q = -480 + 464. Let b = 908 + q. What is the tens digit of b?
9
Let p(l) = 6*l + 12. Let a be p(8). Let w be (a + 0)*(-3 + (-30)/(-9)). Suppose 0 = u + 2*v - 0*v - 24, 3*v = 2*u - w. What is the tens digit of u?
1
Let d(s) = 4*s + 45. Let t(n) = 2*n + 22. Let j(f) = 2*d(f) - 5*t(f). Let w be j(-10). What is the hundreds digit of -3 + w + (-111)/(-1)?
1
Suppose 5*m + 2*h = 56187, -19*m = -16*m + 4*h - 33701. Suppose -m = -4*v - 2859. What is the thousands digit of v?
2
Suppose 8*k = -3*k + 385. Let d = 112 - k. What is the units digit of d?
7
Let v(y) = -2*y**2 + 5*y + 211. Let z be v(0). Let g = -159 - -13. Let c = g + z. What is the units digit of c?
5
Suppose -4*y - 98 = 110. What is the tens digit of 130/y*156/(-1)?
9
Let w be 6/(-15) + 0 + 327/5. Suppose 50 = -5*f + w. Suppose -f*g - 104 - 55 = -3*v, 163 = 3*v - 5*g. What is the tens digit of v?
5
Let n(q) = -q**3 + 54*q**2 + 193*q + 46. What is the ten thousands digit of n(49)?
2
Suppose 2*f + 42 = 5*y, -f + 3*y - 19 = y. What is the hundreds digit of (2 - 44/(-2))*(2 - f)?
3
Let h(f) = 228*f**2 - 5. Let m(t) = 6*t - 82. Let r be m(14). What is the hundreds digit of h(r)?
9
Let q = -195 - -124. Let k = q + 84. Let o(h) = 5*h + 22. What is the tens digit of o(k)?
8
Let l be -3*(-1715)/3 - -6. Suppose 5*m - 3*x = 283 + l, -m = -x - 402. What is the units digit of m?
9
Let s(m) = -24*m + m + 285 - 16*m - 282. Let u be s(-1). Suppose u = 11*o - 9*o. What is the tens digit of o?
2
Let h = -58 + 61. Suppose 4*b = 4*f - 12, 2*f - h = 5*b + 3. Suppose -5*j - 3*a = -623, 2*j - 5*j + 369 = -f*a. What is the units digit of j?
4
Let w(g) be the second derivative of g**4/6 - 5*g**3/6 + 5*g**2 - g + 36. Suppose -5*z - 8 = 22. What is the units digit of w(z)?
2
Suppose 0 = 1165*o - 1166*o + 2655. Let i = -1708 + o. What is the tens digit of i?
4
Let i = 3531 + -2084. What is the hundreds digit of i?
4
Let j(q) = 8*q - 32. Let w be j(5). Suppose w*t = t + 329. Let l = -27 + t. What is the tens digit of l?
2
Let o = -826 - -2182. Suppose 11*t + 1416 = -o. Let u = -120 - t. What is the hundreds digit of u?
1
Suppose -f = -2*p + 22, 5*f + 28 = 3*p + f. Let i(t) = -t**3 + 17*t**2 - 20*t + 13. What is the tens digit of i(p)?
9
Let r(o) = 12*o**2 - 231*o + 107. Let x(b) = -8*b**2 + 154*b - 71. Let w(d) = -5*r(d) - 8*x(d). What is the units digit of w(22)?
5
Suppose -2*a - g - 681 + 4815 = 0, 2*g + 2062 = a. Suppose 9*d - a = -158. What is the units digit of d?
2
Suppose 162*v + 46 = 160*v. Let w(h) = 46*h - 43*h + 32 + 43. What is the units digit of w(v)?
6
Suppose 2*g - 19 + 17 = 0. What is the units digit of (g - 2)/(14/(-1274))?
1
Suppose -5*z + 319 = -d, d + 0*z + 343 = -3*z. Let r = d + 511. What is the units digit of r?
7
Let l be (-36)/(-12)*(-1 - -20). Suppose 211 = 4*a + 3*v, 5*v - l = 3*a - 4*a. Let x = 91 - a. What is the tens digit of x?
3
Suppose 3*u - 28 = -13. Suppose z - 3*z + 9 = -u*t, 0 = -5*z - 2*t + 8. Suppose -z*p - 104 = -s, s = 6*s + 5*p - 520. What is the tens digit of s?
0
Suppose -5*h + 778 + 6342 = 0. Let c be (17136/27)/16 + (-2)/(-6). What is the units digit of h/9 + c/(-180)?
8
What is the units digit of 24 + -23 - -1031*5?
6
Suppose h - 2*j = 2*j + 17, h = j + 2. Let g be (h/(-4))/((-3)/(-36)). Suppose 0 = -r + 175 - g. What is the units digit of r?
6
Suppose -2*g = 2*g + 4*g. Suppose g = -5*q - 1108 + 263. Let b = q + 242. What is the units digit of b?
3
Let v(d) = 3*d**3 - 2*d**2 + 3*d - 3. Let r = -60 + 62. Let m be v(r). Let k(h) = h**3 - 18*h**2 - 12*h + 18. What is the hundreds digit of k(m)?
1
Suppose 7 = -3*c - 5, 2*c + 13 = -5*d. Let w be (1 + d)*2/(-8). Suppose 3*s - 36 = -n - s, w = -3*n + 3*s + 138. What is the units digit of n?
4
Let q(c) = -5*c**2 + 3*c + 2*c**3 - 1 + 3*c - 4*c. What is the units digit of q(4)?
5
Let s = 147 + -152. What is the units digit of s + 3 + 38 + -5?
1
Let m = -11 + 14. Suppose -5*s + 18 = -4*x + 3*x, m*x = -4*s + 22. Suppose -3*o - 4*a = x*o - 507, 0 = a + 2. What is the tens digit of o?
0
Let v(w) = -w**3 + w**2 + 2*w. Let n be v(2). Suppose -5*q - 197 - 131 = -3*g, n = g - q - 112. Suppose -4*h = -g - 220. What is the units digit of h?
4
Suppose z + 0*z = 2*r - 5, -r = 5*z - 19. Suppose -5*v + 16 = 1, v - 2403 = -r*t. What is the units digit of t?
0
Let i = 649 - 530. Suppose 0 = 21*l - 26*l - b + i, 3*l - 74 = 2*b. What is the units digit of l?
4
Let b be 3*1 - 16/16. Suppose 4*x = 2*q + 32, x + 41 = -q - b*q. Let w(z) = -z**3 - 15*z**2 - 23*z + 27. What is the units digit of w(q)?
3
What is the ten thousands digit of ((-65)/52)/((-29)/547520)?
2
Let q(k) = 13*k + 68. Let y be q(-5). Suppose -3*s = 2*d - 2652, 4*s - 4*d - 3547 = -y*d. What is the units digit of s?
6
Let p(i) = -2*i**2 + 24*i + 31. Let g be p(13). Suppose g*b - 1860 = -u, -3*u + 2*b + 3895 + 1634 = 0. What is the units digit of u?
5
Let x = -3287 - -12133. What is the thousands digit of x?
8
Let f(t) be the third derivative of 31*t**5/10 - 3*t**4/4 + 11*t**3/3 - 43*t**2. What is the units digit of f(2)?
0
Let d(m) = 9*m**3 - 12*m**2 + 60*m + 36. What is the thousands digit of d(11)?
1
Let r(t) = -2*t**3 + 97*t**2 + 99*t - 158. What is the thousands digit of r(48)?
6
Suppose 0*r - 4*r = -3*m + 1596, 0 = -m - 5*r + 532. Suppose 46 = -3*p + m. Let c = p - 117. What is the units digit of c?
5
Let n be ((-6)/8)/(28/5936). Let f = n + -17. What is the tens digit of (483/(-92))/(6/f)?
5
Let k(g) be the first derivative of g**4/4 - 2*g**3 - 5*g**2/2 - 12*g + 11. Let j be k(7). What is the units digit of j/4 - (-1854)/12?
5
Let x be (12 - 13)/((-1)/(-59)). Let s = x + 64. Suppose 2*y - 4*v = 262, s*y - v + 5*v = 585. What is the tens digit of y?
2
Let r(i) = 38*i**2 + 19*i - 1828. What is the units digit of r(25)?
7
Suppose 5*z = x - 695, 2*x - 119 = 3*z + 291. Suppose 0 = -2*r - 66 - 30. Let y = r - z. What is the tens digit of y?
9
Let a(b) = -b**2 - 8*b + 71. Let l = 28 + -28. What is the tens digit of a(l)?
7
Suppose 0 = -2*y + 2*p + 20, -8*y + 12*y = -4*p + 32. Let w = 11 - y. What is the tens digit of (-3)/w*-26 + -4?
3
What is the ten thousands digit of (26801/2)/(173/346)?
2
What is the units d